0110101100001 (base 2) to base 3.
110111201011021
Convert -200243040 (base 5) to base 13.
-2189b8
-278423 (base 10) to base 13
-99962
352533 (base 6) to base 8
73351
Convert -247019 (base 10) to base 15.
-4d2ce
What is -1310343343 (base 5) in base 6?
-152530241
What is 73917 (base 10) in base 6?
1330113
What is -363111a (base 11) in base 8?
-30104161
What is -560218 (base 9) in base 11?
-209595
-1210211113 (base 4) to base 9
-687127
-4322220 (base 9) to base 8
-10656547
What is -219b04 (base 14) in base 15?
-1780b5
-356163 (base 9) to base 6
-4332520
23133213 (base 4) to base 8
133747
What is 282922 (base 12) in base 7?
5452325
d516 (base 16) to base 15
1126a
-210001021222 (base 3) to base 2
-1100101001001001111
What is -b9c883 (base 15) in base 9?
-17580466
Convert -134431 (base 8) to base 13.
-18750
-5567849 (base 11) to base 4
-211033013130
-5252140 (base 7) to base 5
-130302002
What is 43967 (base 16) in base 7?
2232053
14373655 (base 8) to base 13
8a8698
a3450 (base 12) to base 9
354376
11020122021 (base 3) to base 4
110121310
344494 (base 10) to base 7
2633233
2340045 (base 7) to base 5
33422411
What is -5023227 (base 8) in base 16?
-142697
133400220 (base 5) to base 12
290103
255747 (base 8) to base 11
60a07
Convert -9120682 (base 10) to base 3.
-122011101020001
What is 21c13c (base 14) in base 6?
40331150
Convert -68066 (base 13) to base 11.
-11a022
89190 (base 12) to base 13
64914
-19a049 (base 11) to base 4
-1022300013
What is 30124343 (base 5) in base 9?
404282
273a615 (base 12) to base 11
4443961
72044 (base 15) to base 10
361189
What is 7e418 (base 16) in base 8?
1762030
-1210011 (base 6) to base 11
-43798
Convert -266037 (base 9) to base 12.
-79814
What is -504140452 (base 6) in base 7?
-133036406
Convert 7a8cb (base 15) to base 3.
201211010202
Convert -20a094 (base 12) to base 2.
-1111101101111110000
Convert -3233332121 (base 4) to base 6.
-33022345
1442753 (base 11) to base 4
21130331020
Convert 174151 (base 8) to base 2.
1111100001101001
1000000110111111100010 (base 2) to base 3
11000000001010
-2210010123 (base 4) to base 10
-672027
211021102002 (base 3) to base 15
89d88
-a87a (base 15) to base 10
-35665
-10000111111101001111 (base 2) to base 10
-556879
What is -546510 (base 11) in base 10?
-872421
Convert -121010110211 (base 3) to base 5.
-40124321
What is e9da (base 15) in base 3?
2111212121
Convert 605838 (base 9) to base 11.
225490
Convert 200423300 (base 5) to base 12.
3243b6
What is 51222 (base 12) in base 7?
620141
Convert 1100111011001100110011 (base 2) to base 13.
918278
3015188 (base 9) to base 2
110000111110001010010
-28070 (base 15) to base 2
-11111010101100011
What is 1136630 (base 7) in base 16?
232a0
Convert 6654500 (base 7) to base 2.
11001000010010000110
What is 16312024 (base 9) in base 10?
8156803
What is -601222 (base 11) in base 14?
-1b2a3d
-773281 (base 11) to base 10
-1234168
What is 10205c (base 14) in base 15?
ab014
-c0fc (base 16) to base 14
-1400c
Convert 100000100001 (base 3) to base 10.
177391
What is 2153253 (base 7) in base 14?
6c963
Convert 1e593f (base 16) to base 7.
22622423
842533 (base 12) to base 5
1012442230
What is -a42a6 (base 13) in base 3?
-112222111012
Convert 2310322200 (base 4) to base 13.
1cc39b
25243005 (base 6) to base 7
6631520
What is 1170c8 (base 15) in base 16?
cb915
-10310221122 (base 4) to base 3
-2101020011220
What is -31557346 (base 8) in base 7?
-111206126
What is -222331310 (base 5) in base 6?
-33001553
-cdad7 (base 14) to base 7
-4145160
Convert -21399b (base 12) to base 9.
-880142
Convert 14867 (base 12) to base 4.
13003033
21210012222 (base 3) to base 14
3dbc7
-29784 (base 14) to base 8
-311150
What is 4140001 (base 7) in base 11?
30a456
Convert -173263 (base 9) to base 4.
-122031312
Convert 15279b (base 15) to base 8.
3712053
1303440114 (base 5) to base 16
30a0dd
What is 1b09410 (base 14) in base 16?
cd8d76
Convert 133112123 (base 4) to base 8.
372633
-1047120 (base 9) to base 15
-b1bac
-3121233211 (base 4) to base 2
-11011001101111100101
552351 (base 8) to base 3
100102120020
What is -176492 (base 15) in base 14?
-217901
Convert -299cd6 (base 15) to base 9.
-3688873
1352155 (base 6) to base 9
126518
Convert -32a90 (base 15) to base 3.
-22011212100
253201 (base 10) to base 11
163263
13d893 (base 16) to base 3
2110002010101
What is 1aa93 (base 15) in base 12?
42263
15b230 (base 13) to base 12
21b86a
-34105442 (base 6) to base 8
-3746302
Convert 1186525 (base 11) to base 14.
3b81b8
What is -2278 (base 15) in base 3?
-101000212
Convert 1101120121 (base 3) to base 6.
330454
Convert -45e1d3 (base 15) to base 3.
-20021121021200
-15551 (base 6) to base 5
-40322
What is 1101010100010110101001 (base 2) in base 16?
3545a9
What is 1941c (base 14) in base 16?
f9b2
2a9c11 (base 13) to base 6
34301055
What is -d1ce3 (base 16) in base 4?
-3101303203
What is -8253a0 (base 12) in base 16?
-1f25e8
-10266474 (base 10) to base 9
-21276853
What is 13004142 (base 5) in base 6?
2405123
204200 (base 8) to base 4
100202000
Convert 34325013 (base 8) to base 16.
71aa0b
-3033222201 (base 4) to base 11
-531077
-1a9a2 (base 14) to base 16
-108b2
What is -13831325 (base 9) in base 3?
-110221001100212
What is 613602 (base 7) in base 9?
168386
Convert 115235036 (base 7) to base 14.
d5cc56
Convert -31303320112 (base 4) to base 15.
-4b7a84
90a4 (base 15) to base 14
b1a9
What is -4102453 (base 7) in base 15?
-99a4d
8e9254 (base 15) to base 14
c95690
1103242320 (base 5) to base 3
11111220210011
Convert 2347524 (base 8) to base 12.
270070
Convert -1037356 (base 10) to base 2.
-11111101010000101100
What is -10200122102201 (base 3) in base 15?
-28b201
-100111010110010010101 (base 2) to base 10
-1289365
Convert -14866 (base 9) to base 6.
-115053
What is -614016 (base 8) in base 10?
-202766
What is -2054603 (base 8) in base 5?
-120002303
What is -2356063 (base 9) in base 11?
-7a26a0
What is 1b1a76 (base 12) in base 3?
220101200200
25603727 (base 9) to base 3
212200010210221
What is 12332200333 (base 4) in base 7?
21355102
Convert 101145001 (base 8) to base 5.
13333403243
24a201a (base 11) to base 14
80c483
-3ccac (base 16) to base 5
-30432004
3c238 (base 15) to base 8
570556
-986aa (base 13) to base 3
-112000022001
-481370 (base 15) to base 3
-20111002220220
12005542 (base 7) to base 10
1060831
77c9a8 (base 14) to base 13
ac5b11
What is -42512 (base 11) in base 15?
-134ce
What is 203643 (base 10) in base 12?
99a23
9ea16e (base 15) to base 10
7577204
What is -2241533 (base 6) in base 9?
-184013
Convert 7b3e (base 16) to base 4.
13230332
What is -2a8559 (base 11) in base 6?
-14141233
-102105130 (base 6) to base 3
-10100112020000
10100101110101111 (base 2) to base 15
1a25b
-15481763 (base 9) to base 15
-a2a676
Convert -72432 (base 8) to base 6.
-350442
Convert 576010 (base 8) to base 16.
2fc08
What is 2790c (base 13) in base 12?
36a16
What is -581142 (base 9) in base 4?
-1111012211
Convert -12133151 (base 6) to base 15.
-793d7
1756f5 (base 16) to base 9
2781173
45370 (base 11) to base 10
65659
Convert 3a40d5 (base 16) to base 4.
32210003111
Convert -3232111 (base 5) to base 2.
-1101011111110001
104100322 (base 5) to base 14
bc437
What is -542341 (base 7) in base 10?
-94501
-1122021101020 (base 3) to base 9
-1567336
Convert 3523640 (base 8) to base 3.
1210210102222
What is -117146 (base 10) in base 6?
-2302202
Convert 7538191 (base 10) to base 12.
2636467
223302010132 (base 4) to base 14
174a978
Convert -110011011110100100101 (base 2) to base 16.
-19bd25
What is -1232314 (base 5) in base 8?
-57024
-6c2572 (base 16) to base 11
-4000a19
Convert 2361cf (base 16) to base 8.
10660717
What is -107311 (base 8) in base 11?
-25510
What is 20114230 (base 6) in base 13?
16c524
What is -593663 (base 13) in base 3?
-10222202201222
What is 281354 (base 9) in base 15?
35ca7
1153a (base 14) to base 15
c77c
Convert -844102 (base 9) to base 15.
-9d975
34561 (base 8) to base 4
3211301
-954474 (base 11) to base 7
-15664265
Convert 2032430322 (base 5) to base 10.
4186337
428432 (base 10) to base 5
102202212
Convert -2020112112120 (base 3) to base 7.
-13061664
What is 4413030 (base 5) in base 8?
224357
What is -1302330101 (base 4) in base 13?
-1363a6
3a396 (base 13) to base 2
11010011011111011
What is 40422 (base 12) in base 6?